{"id":1186,"date":"2023-12-19T15:51:19","date_gmt":"2023-12-19T14:51:19","guid":{"rendered":"https:\/\/fr-scv.fr\/?page_id=1186"},"modified":"2023-12-19T15:51:19","modified_gmt":"2023-12-19T14:51:19","slug":"cper-enhance-2","status":"publish","type":"page","link":"https:\/\/fr-scv.fr\/?page_id=1186","title":{"rendered":"CPER ENHANCE"},"content":{"rendered":"<div class=\"wp-block-image\">\n<figure class=\"aligncenter size-full is-resized\"><img loading=\"lazy\" decoding=\"async\" width=\"353\" height=\"215\" src=\"https:\/\/fr-scv.fr\/wp-content\/uploads\/2023\/12\/Signature-du-contrat-de-plan-Etat-Region-2021-2027_articleimage.jpg\" alt=\"\" class=\"wp-image-1188\" style=\"width:287px;height:auto\" srcset=\"https:\/\/fr-scv.fr\/wp-content\/uploads\/2023\/12\/Signature-du-contrat-de-plan-Etat-Region-2021-2027_articleimage.jpg 353w, https:\/\/fr-scv.fr\/wp-content\/uploads\/2023\/12\/Signature-du-contrat-de-plan-Etat-Region-2021-2027_articleimage-300x183.jpg 300w\" sizes=\"auto, (max-width: 353px) 100vw, 353px\" \/><\/figure>\n<\/div>\n\n\n<p class=\"has-vivid-cyan-blue-color has-very-light-gray-to-cyan-bluish-gray-gradient-background has-text-color has-background has-link-color wp-elements-b6e67341c7b5079208ab77b9ad322608\" style=\"font-size:19px\"><strong>Projet ENHANCE &#8211; Embedding a Human Dimension in Cultural Heritage<br><\/strong><\/p>\n\n\n\n<p class=\"has-text-align-left\">Ce projet permettra de structurer un p\u00f4le de recherche Sciences et Cultures du Visuel qui vient de prendre la forme d\u2019une f\u00e9d\u00e9ration de recherche reconnue et s\u2019appuiera sur une plateforme ancr\u00e9e dans le territoire r\u00e9gional. A partir de synergies entre sciences humaines et sociales, sciences cognitives et sciences du num\u00e9rique, ce projet structurera et revisitera les recherches sur le patrimoine culturel et les dispositifs num\u00e9riques de visualisation, en prenant en compte les modes d\u2019interaction qu\u2019ils suscitent. Ainsi aux d\u00e9veloppements num\u00e9riques qui associent r\u00e9alit\u00e9\u0301 virtuelle et r\u00e9alit\u00e9\u0301 augment\u00e9e, ENHANCE ajoutera la dimension humaine du point de vue de leurs contenus, de celui des utilisateurs, des modes d\u2019interactions mis en \u0153uvre. S\u2019appuyant sur la plateforme IRDIVE, il b\u00e9n\u00e9ficiera d\u2019un premier environnement propice en r\u00e9gion au d\u00e9veloppement de projets dans le domaine des Industries Culturelles et Cr\u00e9atives (ICC) gr\u00e2ce \u00e0 son implantation sur le site de la Plaine Images (150 entreprises dans le domaine des ICC) et son int\u00e9gration dans les r\u00e9seaux r\u00e9gionaux et nationaux. Ce projet d\u00e9veloppera une approche scientifique \u00e0 forte potentialit\u00e9 de transferts vers la soci\u00e9t\u00e9 et des r\u00e9alisations technologiques permettant des reconstitutions num\u00e9riques r\u00e9alistes en lien avec l\u2019histoire des Hauts-de-France et interfac\u00e9es avec la TGIR national Huma-num.<\/p>\n\n\n\n<figure class=\"wp-block-video aligncenter\"><video height=\"900\" style=\"aspect-ratio: 720 \/ 900;\" width=\"720\" autoplay controls loop src=\"http:\/\/fr-scv.fr\/wp-content\/uploads\/2023\/12\/bigblake.mp4\"><\/video><\/figure>\n","protected":false},"excerpt":{"rendered":"<p>Projet ENHANCE &#8211; Embedding a Human Dimension in Cultural Heritage Ce projet permettra de structurer un p\u00f4le de recherche Sciences et Cultures du Visuel qui vient de prendre la forme d\u2019une f\u00e9d\u00e9ration de recherche reconnue et s\u2019appuiera sur une plateforme ancr\u00e9e dans le territoire r\u00e9gional. A partir de synergies entre sciences humaines et sociales, sciences &hellip; <\/p>\n<p class=\"link-more\"><a href=\"https:\/\/fr-scv.fr\/?page_id=1186\" class=\"more-link\">Continuer la lecture<span class=\"screen-reader-text\"> de &laquo;&nbsp;CPER ENHANCE&nbsp;&raquo;<\/span><\/a><\/p>\n","protected":false},"author":1,"featured_media":0,"parent":0,"menu_order":0,"comment_status":"closed","ping_status":"closed","template":"","meta":{"footnotes":""},"class_list":["post-1186","page","type-page","status-publish","hentry"],"_links":{"self":[{"href":"https:\/\/fr-scv.fr\/index.php?rest_route=\/wp\/v2\/pages\/1186","targetHints":{"allow":["GET"]}}],"collection":[{"href":"https:\/\/fr-scv.fr\/index.php?rest_route=\/wp\/v2\/pages"}],"about":[{"href":"https:\/\/fr-scv.fr\/index.php?rest_route=\/wp\/v2\/types\/page"}],"author":[{"embeddable":true,"href":"https:\/\/fr-scv.fr\/index.php?rest_route=\/wp\/v2\/users\/1"}],"replies":[{"embeddable":true,"href":"https:\/\/fr-scv.fr\/index.php?rest_route=%2Fwp%2Fv2%2Fcomments&post=1186"}],"version-history":[{"count":4,"href":"https:\/\/fr-scv.fr\/index.php?rest_route=\/wp\/v2\/pages\/1186\/revisions"}],"predecessor-version":[{"id":1192,"href":"https:\/\/fr-scv.fr\/index.php?rest_route=\/wp\/v2\/pages\/1186\/revisions\/1192"}],"wp:attachment":[{"href":"https:\/\/fr-scv.fr\/index.php?rest_route=%2Fwp%2Fv2%2Fmedia&parent=1186"}],"curies":[{"name":"wp","href":"https:\/\/api.w.org\/{rel}","templated":true}]}}

<div class="wp-block-image">
<figure class="aligncenter size-full is-resized"><img loading="lazy" decoding="async" width="353" height="215" src="https://fr-scv.fr/wp-content/uploads/2023/12/Signature-du-contrat-de-plan-Etat-Region-2021-2027_articleimage.jpg" alt="" class="wp-image-1188" style="width:287px;height:auto" srcset="https://fr-scv.fr/wp-content/uploads/2023/12/Signature-du-contrat-de-plan-Etat-Region-2021-2027_articleimage.jpg 353w, https://fr-scv.fr/wp-content/uploads/2023/12/Signature-du-contrat-de-plan-Etat-Region-2021-2027_articleimage-300x183.jpg 300w" sizes="auto, (max-width: 353px) 100vw, 353px" /></figure>
</div>


<p class="has-vivid-cyan-blue-color has-very-light-gray-to-cyan-bluish-gray-gradient-background has-text-color has-background has-link-color wp-elements-b6e67341c7b5079208ab77b9ad322608" style="font-size:19px"><strong>Projet ENHANCE &#8211; Embedding a Human Dimension in Cultural Heritage<br></strong></p>



<p class="has-text-align-left">Ce projet permettra de structurer un pôle de recherche Sciences et Cultures du Visuel qui vient de prendre la forme d’une fédération de recherche reconnue et s’appuiera sur une plateforme ancrée dans le territoire régional. A partir de synergies entre sciences humaines et sociales, sciences cognitives et sciences du numérique, ce projet structurera et revisitera les recherches sur le patrimoine culturel et les dispositifs numériques de visualisation, en prenant en compte les modes d’interaction qu’ils suscitent. Ainsi aux développements numériques qui associent réalité́ virtuelle et réalité́ augmentée, ENHANCE ajoutera la dimension humaine du point de vue de leurs contenus, de celui des utilisateurs, des modes d’interactions mis en œuvre. S’appuyant sur la plateforme IRDIVE, il bénéficiera d’un premier environnement propice en région au développement de projets dans le domaine des Industries Culturelles et Créatives (ICC) grâce à son implantation sur le site de la Plaine Images (150 entreprises dans le domaine des ICC) et son intégration dans les réseaux régionaux et nationaux. Ce projet développera une approche scientifique à forte potentialité de transferts vers la société et des réalisations technologiques permettant des reconstitutions numériques réalistes en lien avec l’histoire des Hauts-de-France et interfacées avec la TGIR national Huma-num.</p>



<figure class="wp-block-video aligncenter"><video height="900" style="aspect-ratio: 720 / 900;" width="720" autoplay controls loop src="http://fr-scv.fr/wp-content/uploads/2023/12/bigblake.mp4"></video></figure>

<p>Projet ENHANCE &#8211; Embedding a Human Dimension in Cultural Heritage Ce projet permettra de structurer un pôle de recherche Sciences et Cultures du Visuel qui vient de prendre la forme d’une fédération de recherche reconnue et s’appuiera sur une plateforme ancrée dans le territoire régional. A partir de synergies entre sciences humaines et sociales, sciences &hellip; </p>
<p class="link-more"><a href="https://fr-scv.fr/?page_id=1186" class="more-link">Continuer la lecture<span class="screen-reader-text"> de &laquo;&nbsp;CPER ENHANCE&nbsp;&raquo;</span></a></p>
