{"id":1338,"date":"2026-03-18T14:37:45","date_gmt":"2026-03-18T13:37:45","guid":{"rendered":"https:\/\/fr-scv.fr\/?page_id=1338"},"modified":"2026-04-15T11:34:29","modified_gmt":"2026-04-15T09:34:29","slug":"gip-drawings","status":"publish","type":"page","link":"https:\/\/fr-scv.fr\/?page_id=1338","title":{"rendered":"GIP Dessins"},"content":{"rendered":"\n<!-- Delete Title without editing theme -->\n<script>\n    document.querySelector('.entry-header').remove();\n<\/script>\n\n<h1>Retranscription<\/h1>\n\n<p>Ce dispositif permet de reproduire, sur une tablette ou sur papier (puis scan et t\u00e9l\u00e9chargement du document), un pas de danse en notation Beauchamp-Feuillet. Ce pas de danse est alors analys\u00e9 et reconnu directement par la machine, qui projette en temps r\u00e9el un agent virtuel ex\u00e9cutant le mouvement. Ces pas de danse peuvent ensuite \u00eatre associ\u00e9s afin de r\u00e9aliser des chor\u00e9graphies plus complexes. <\/p>\n\n<div class=\"video-container\">\n    <iframe\n        src=\"https:\/\/pod.univ-lille.fr\/video\/46806-get_in_past_tablettemp4\/24544f62-01c7-4f5f-8cd3-8500c28eabeb\/?is_iframe=true\"\n        allowfullscreen title=\"Get_In_Past_Tablette.mp4\"><\/iframe>\n<\/div>\n","protected":false},"excerpt":{"rendered":"<p>Retranscription Ce dispositif permet de reproduire, sur une tablette ou sur papier (puis scan et t\u00e9l\u00e9chargement du document), un pas de danse en notation Beauchamp-Feuillet. Ce pas de danse est alors analys\u00e9 et reconnu directement par la machine, qui projette en temps r\u00e9el un agent virtuel ex\u00e9cutant le mouvement. Ces pas de danse peuvent ensuite &hellip; <\/p>\n<p class=\"link-more\"><a href=\"https:\/\/fr-scv.fr\/?page_id=1338\" class=\"more-link\">Continuer la lecture<span class=\"screen-reader-text\"> de &laquo;&nbsp;GIP Dessins&nbsp;&raquo;<\/span><\/a><\/p>\n","protected":false},"author":4,"featured_media":0,"parent":0,"menu_order":0,"comment_status":"closed","ping_status":"closed","template":"","meta":{"footnotes":""},"class_list":["post-1338","page","type-page","status-publish","hentry"],"_links":{"self":[{"href":"https:\/\/fr-scv.fr\/index.php?rest_route=\/wp\/v2\/pages\/1338","targetHints":{"allow":["GET"]}}],"collection":[{"href":"https:\/\/fr-scv.fr\/index.php?rest_route=\/wp\/v2\/pages"}],"about":[{"href":"https:\/\/fr-scv.fr\/index.php?rest_route=\/wp\/v2\/types\/page"}],"author":[{"embeddable":true,"href":"https:\/\/fr-scv.fr\/index.php?rest_route=\/wp\/v2\/users\/4"}],"replies":[{"embeddable":true,"href":"https:\/\/fr-scv.fr\/index.php?rest_route=%2Fwp%2Fv2%2Fcomments&post=1338"}],"version-history":[{"count":40,"href":"https:\/\/fr-scv.fr\/index.php?rest_route=\/wp\/v2\/pages\/1338\/revisions"}],"predecessor-version":[{"id":1645,"href":"https:\/\/fr-scv.fr\/index.php?rest_route=\/wp\/v2\/pages\/1338\/revisions\/1645"}],"wp:attachment":[{"href":"https:\/\/fr-scv.fr\/index.php?rest_route=%2Fwp%2Fv2%2Fmedia&parent=1338"}],"curies":[{"name":"wp","href":"https:\/\/api.w.org\/{rel}","templated":true}]}}